 of b**4/6 + b**3/2 - 2*b**2 + 12*b. Calculate the remainder when d(-3) is divided by 3.
2
Suppose b = 3*n - 8 - 5, -3*n + 4*b = 2. Suppose -3*q = -6*h + 2*h + 8, 25 = 5*q + h. What is the remainder when n is divided by q?
2
Let z(d) = 2*d + 4*d - 11 + 1 + 10*d. Let m be z(5). Suppose 5*p - 25 = m. What is the remainder when p is divided by 10?
9
Let d(x) = 24*x - 22. Let i be d(5). Suppose 0 = -o - o + i. What is the remainder when o is divided by 17?
15
Let s(o) = -6*o + 2. Let q be s(-2). Let f = q - 12. Calculate the remainder when (2/(-4))/(f/(-140)) is divided by 12.
11
Let a be 2/(-5)*(-34 - -29). Suppose -6 = -a*n + 22. Suppose 3*f = -4*l + 113, -20 + 78 = 2*l + 2*f. Calculate the remainder when l is divided by n.
12
Let j = 13 + 161. Suppose 10*q + j = 16*q. What is the remainder when 114 is divided by q?
27
Let v = -87 - -170. Let l be 45/(4/(3 - -1)). Suppose -2*y + 0*h + l = -h, 114 = 5*y - 3*h. Calculate the remainder when v is divided by y.
20
Suppose 0 = -4*k - 7 + 27. Suppose -15 = 8*s - 39. What is the remainder when k is divided by s?
2
Let v = 8 - -10. Calculate the remainder when v + (0 + -1 - -1) is divided by 12/(-2)*-1*35/21.
8
Let o be (105/(-20))/(2/(-8)). Suppose z + 4*k - 12 = 0, -k + 6 = z - o. What is the remainder when z is divided by 11?
10
Suppose k - 4*d + 23 = 0, 0 = -3*k - 0*d - 4*d - 5. Let i = 47 + k. What is the remainder when i is divided by 7?
5
Let l = 1064 - 960. What is the remainder when 203 is divided by l?
99
Let i be 0/(-1 - 0) + 8. Suppose -i - 1 = -3*d. Let y = -115 - -118. What is the remainder when d is divided by y?
0
Let f(n) be the first derivative of n**4/4 - 5*n**3 + 3*n**2/2 + 2*n + 21. What is the remainder when f(15) is divided by 24?
23
What is the remainder when 113 is divided by (-1 - -5) + 14 - (-4 + 3)?
18
What is the remainder when (-2 + 201/12)*4 is divided by 54?
5
Suppose 0 = -36*g + 31*g - 5. Let r(t) = -43*t**3 - 4*t**2 - 2*t - 1. Calculate the remainder when 154 is divided by r(g).
34
Suppose 0*j = j + 15. Let l be j/(-4) - 3/(-12). Suppose l*w - 1 = -4*q + 11, w = -4*q. Calculate the remainder when 6 is divided by w.
2
Let u(d) = d**2 + 4*d + 13. What is the remainder when 55 is divided by u(-8)?
10
Suppose 25 = c - 2*r, -4*c + 77 = r + 22. Calculate the remainder when 162 is divided by c.
12
Let g be 38/(-171) + (-166)/(-18). What is the remainder when 29/g + -3 + (-3700)/(-36) is divided by 21?
19
Suppose r = -3*r + 288. Suppose -6*x + r = -10*x. Let t = x - -27. What is the remainder when t is divided by 5?
4
Let o(m) = 4*m**2 + 31. Calculate the remainder when 137 is divided by o(5).
6
Suppose 2*q = -2*z - 0*z + 152, -z + 82 = -5*q. Let t = z - 67. Calculate the remainder when 14 is divided by t.
4
Suppose 4*i + 0*i + 3*o - 24 = 0, 4*i = 4*o - 4. Let d be (-4)/(-24)*i*0. Suppose 3*l + d*l = 75. Calculate the remainder when l is divided by 14.
11
Suppose 4*t - 99 = 285. Let f = 39 + -6. What is the remainder when t is divided by f?
30
Let w = 200 - -60. Let s = w + -105. What is the remainder when s is divided by 39?
38
Calculate the remainder when ((-1120)/100)/(12/(-750)) is divided by 44.
40
Suppose -s = 125 - 503. Calculate the remainder when s is divided by 23.
10
Let f be ((-4)/10 + 0)*30. Let n = 26 + f. Suppose 3*d + 78 = 3*w, 4*w - 103 = 2*d + 3*d. Calculate the remainder when w is divided by n.
13
Suppose 0 = p - 5*p. Suppose p*y = y - 68. Let f = y - 30. What is the remainder when f is divided by 14?
10
Let y = -344 - -356. Let f = -4 + 42. Calculate the remainder when f is divided by y.
2
Suppose 206 = o + 4*t, 0 = 2*o + 2*o + 2*t - 838. What is the remainder when o is divided by 20?
10
Let l = -92 + 120. Let n = 39 - l. Let a(g) = g**2 + 2. Calculate the remainder when n is divided by a(2).
5
Suppose 45 = -5*w + 10*w. Suppose -s - 5*c = -53 - 14, 0 = -2*s - 4*c + 104. What is the remainder when s is divided by w?
6
Calculate the remainder when 2/26 + 34180/130 + 11 is divided by 58.
42
Suppose -2 = 2*g - 3*g. Suppose 0 = -5*d + 2*h + 125, -2*h = g*d - 4*h - 56. What is the remainder when (-1)/2*-33*4 is divided by d?
20
Let t be 2/(-3) - (-7319)/39. Let y = 350 - t. Let n = 232 - y. What is the remainder when n is divided by 36?
33
Suppose 0 = -4*v - 9 + 29. Let q = v - -11. What is the remainder when 77 is divided by q?
13
Let n(d) = 3 - 3 - 5 + 2 + 10*d. Let c = 77 - 58. What is the remainder when n(4) is divided by c?
18
Let f = -4 + 18. Suppose -4*d + k = -k + f, -3*d + 3*k = 9. Let h = d - -9. What is the remainder when 7 is divided by h?
2
Let b(o) = o**3 + 3*o**2 - 54*o + 40. Calculate the remainder when 428 is divided by b(-9).
28
Suppose -2*h - 2*h - 4*u = -312, 5*u - 25 = 0. Suppose 4*i - 3*w = 3*i + 29, 5*w - 15 = 0. What is the remainder when h is divided by i?
35
Let n = -87 + 109. What is the remainder when n is divided by 13?
9
Let n(o) = -o**3 - 3*o**2 - 4*o. Let q be (-284)/14 - 4/(-14). Let f = -9 - q. Calculate the remainder when f is divided by n(-2).
3
Let g(m) = m**2 + 2*m + 2. Let b = -6 - -8. Let q be ((-5)/b)/(2/4). Calculate the remainder when 49 is divided by g(q).
15
What is the remainder when (11 - 10)*(-140 - 2)/(-2) is divided by 16?
7
Suppose 681 + 225 = 3*b. Calculate the remainder when b is divided by 61.
58
Let y = 169 + -152. What is the remainder when y is divided by 10?
7
Suppose -4*o = 4*q - 132, 0 = 3*q + 124*o - 125*o - 103. Calculate the remainder when 115 is divided by q.
13
What is the remainder when 399 is divided by (17 - 3) + -4 + -1 + 7?
15
Suppose -3*t + 65 = 2*t. Suppose 4*g - 3*g = t. Suppose -3*k + 2*k = -g. What is the remainder when 49 is divided by k?
10
Calculate the remainder when 2 - -1*((-5 - -4) + 3) is divided by 4.
0
Let t = -291 - -422. Suppose q + 4*k = 79 + 61, -k = q - t. What is the remainder when q is divided by 34?
26
Calculate the remainder when 35 + -2 + ((-42)/6 - -6) is divided by 1.
0
Let i = -50 - -10. Let p = i + 56. Calculate the remainder when p is divided by (-35)/15*(-3)/(-2)*-2.
2
Let f = 38 + -33. Suppose -4*h - h + 2*j = -20, -f*j = 3*h - 43. Calculate the remainder when 25 is divided by h.
1
Let i be (-4 - -2)/(2/22). Let y = -8 - i. Suppose -2*n = 2*a, a - y = -a + 5*n. What is the remainder when a is divided by 2?
0
Suppose -7*o = -12*o - 4*f + 159, 136 = 4*o + f. Let m(c) = 138*c**3 - 2*c**2 + 2*c - 1. What is the remainder when m(1) is divided by o?
32
Let s = -69 + 119. Let k be -6*(s/(-4))/5. What is the remainder when (72/k)/((-6)/(-40)) is divided by 17?
15
Let l(p) = p**2 - 28*p - 51. Let k be l(31). Let q = k + -17. Calculate the remainder when q is divided by 86/6 + (-1)/3.
11
Let n(q) = -q**3 - 4*q**2 - 5*q + 1. Let y be n(-4). Let w = 30 - y. What is the remainder when 17 is divided by w?
8
Let k be 2 + -3 - (0 - -1). Let x = 2 - k. Let n = 12 + -8. What is the remainder when x is divided by n?
0
Calculate the remainder when 141 is divided by (2*11)/((-16 + 32)/32).
9
Suppose 2*f - b + 1 = 0, -b + 1 = -f - 2. Suppose f*k - 2*h = 46, -2*k + 3*h + 61 = -2*h. Calculate the remainder when 105 is divided by k.
15
Let w = 681 - 559. Calculate the remainder when w is divided by 2.
0
Let y(j) = j**3 + 4*j**2 - 7*j - 4. Let m be (0/3)/((-1)/(-1)). Let t = m + 22. What is the remainder when t is divided by y(-5)?
4
Let d(u) = -2*u**3 + 2*u - 4*u - 3*u**2 - 3 + 4*u**2 - 4*u**2. Let k be 33/(-21) - (-27)/(-63). Calculate the remainder when d(k) is divided by 2.
1
Suppose -z + 16 = -122. Calculate the remainder when z is divided by 8.
2
Let o(n) = 56*n - 84. What is the remainder when 246 is divided by o(3)?
78
Let l(n) = 17*n - 136. Calculate the remainder when 148 is divided by l(10).
12
Let t = -860 - -871. What is the remainder when 294 is divided by t?
8
Suppose -48 = -n - 4*h - 3, 4*n - 3*h - 123 = 0. What is the remainder when 521 is divided by n?
26
Let c = 1 + 5. Let v be (-165)/c + (-1)/(-2). Calculate the remainder when 37 is divided by (-5)/(15/v) + 1.
7
Let c(t) = -12 - 5*t - 16 + 2*t + 25. What is the remainder when c(-6) is divided by 5?
0
Let r = 131 - 121. Suppose r*u - 11*u + 15 = 0. Calculate the remainder when 44 is divided by u.
14
Let o(x) = x + 27. What is the remainder when 59 is divided by o(-12)?
14
Suppose 0 = 3*h - 3, -3*s + 5*h = -7*s + 153.